{"id":64950,"date":"2023-03-14T16:16:23","date_gmt":"2023-03-14T19:16:23","guid":{"rendered":"https:\/\/fenaprf.org.br\/novo\/?page_id=64950"},"modified":"2023-05-16T11:28:52","modified_gmt":"2023-05-16T14:28:52","slug":"eleicoes-2023","status":"publish","type":"page","link":"https:\/\/fenaprf.org.br\/novo\/eleicoes-2023\/","title":{"rendered":"Elei\u00e7\u00f5es 2023"},"content":{"rendered":"<div>Aqui nesta p\u00e1gina ser\u00e3o postados todos os documentos, formul\u00e1rios e novidades sobre o andamento do processo eleitoral para o tri\u00eanio 2023\/2025 da Federa\u00e7\u00e3o Nacional dos Policiais Rodovi\u00e1rios Federais. Os documentos com informa\u00e7\u00f5es pessoais dos candidatos e\/ou candidatas que sejam requeridos por qualquer sindicato filiado ser\u00e3o disponibilizados mediante senha de uso pessoal, garantindo, assim, a preserva\u00e7\u00e3o do dados de acordo com a Lei Geral de Prote\u00e7\u00e3o de Dados (LGPD).<\/div>\n<hr \/>\n<p><strong>Formul\u00e1rios de Inscri\u00e7\u00f5es:<\/strong><\/p>\n<ul>\n<li>Inscri\u00e7\u00e3o de chapas para diretoria executiva &#8211; <strong><a href=\"https:\/\/fenaprf.org.br\/novo\/wp-content\/uploads\/2023\/03\/Formul\u00e1rio-de-Inscri\u00e7\u00e3o-Diretoria-Executiva.docx\" target=\"_blank\" rel=\"noopener noreferrer\">.DOCX<\/a> \/ <a href=\"https:\/\/drive.google.com\/file\/d\/1USq8Csa7wxMG9GzbEfsb7PoAbzukpsWq\/view?usp=share_link\" target=\"_blank\" rel=\"noopener noreferrer\">.PDF<\/a><\/strong><\/li>\n<li>Inscri\u00e7\u00e3o para conselhos fiscal e de \u00e9tica &#8211; <strong><a href=\"https:\/\/fenaprf.org.br\/novo\/wp-content\/uploads\/2023\/03\/Formul\u00e1rio-de-Inscri\u00e7\u00e3o-Conselhos-Fiscal-e-de-\u00c9tica.docx\" target=\"_blank\" rel=\"noopener noreferrer\">.DOCX<\/a> \/ <a href=\"https:\/\/drive.google.com\/file\/d\/1WKvlptdBAVdK7yHWq7CFeYhFhUEOmYJZ\/view?usp=share_link\" target=\"_blank\" rel=\"noopener noreferrer\">.PDF<\/a><\/strong><\/li>\n<\/ul>\n<p><em><strong>Termo de anu\u00eancia &#8211; <a href=\"https:\/\/fenaprf.org.br\/novo\/wp-content\/uploads\/2023\/03\/Formul\u00e1rio-de-Inscri\u00e7\u00e3o-Termo-de-Anu\u00eancia.docx\" target=\"_blank\" rel=\"noopener noreferrer\">.DOCX<\/a> \/ <a href=\"https:\/\/drive.google.com\/file\/d\/1C-mI8OhVtzhe1xL265dqr1ZV1Qib3oj2\/view?usp=share_link\" target=\"_blank\" rel=\"noopener noreferrer\">.PDF<\/a><\/strong><\/em><\/p>\n<p><strong>Formul\u00e1rio de impugna\u00e7\u00e3o<\/strong> &#8211;\u00a0<strong>\u00a0<em><a href=\"https:\/\/fenaprf.org.br\/novo\/wp-content\/uploads\/2023\/04\/Formul\u00e1rio-de-Impugna\u00e7\u00e3o-de-Candidatura.pdf\" target=\"_blank\" rel=\"noopener noreferrer\">.PDF<\/a><\/em><\/strong><\/p>\n<p><strong>Termo de responsabilidade solid\u00e1ria &#8211; .<a href=\"https:\/\/fenaprf.org.br\/novo\/wp-content\/uploads\/2023\/04\/Termo-de-Responsabilidade-Solid\u00e1ria.pdf\" target=\"_blank\" rel=\"noopener noreferrer\"><em>.PDF<\/em><\/a><\/strong><\/p>\n<p><strong>Publica\u00e7\u00f5es e documentos:<\/strong><\/p>\n<ul>\n<li><em><strong><a href=\"https:\/\/fenaprf.org.br\/novo\/wp-content\/uploads\/2023\/03\/Resolucao-01-Comissao-Eleitoral-2023-FENAPRF.pdf\" target=\"_blank\" rel=\"noopener noreferrer\">Resolu\u00e7\u00e3o N\u00ba. 1 &#8211; 13\/03\/23<\/a><\/strong><\/em><\/li>\n<li><em><strong><a href=\"https:\/\/fenaprf.org.br\/novo\/wp-content\/uploads\/2023\/04\/Memorando_Circular_01_2023_-_Divulgacao_de_Pedidos_de_Inscricao_e_Abertura_de_Prazo_para_Impugnacoes_assinado.pdf\" target=\"_blank\" rel=\"noopener noreferrer\">Memorando Circular 01\/2023<\/a><\/strong><\/em><\/li>\n<li><a href=\"https:\/\/fenaprf.org.br\/novo\/wp-content\/uploads\/2023\/05\/Edital_de_Homologacao_de_Inscricoes_assinado.pdf\" target=\"_blank\" rel=\"noopener noreferrer\"><em><strong>Edital de Homologa\u00e7\u00e3o de Inscri\u00e7\u00f5es &#8211; 08\/05\/23<\/strong><\/em><\/a><\/li>\n<li><a href=\"https:\/\/fenaprf.org.br\/novo\/wp-content\/uploads\/2023\/05\/Resolu\u00e7\u00e3o-02-de-15-de-maio-de-2023.pdf\" target=\"_blank\" rel=\"noopener noreferrer\"><em><strong>Resolu\u00e7\u00e3o N\u00ba. 2 &#8211; 15\/05\/23<\/strong><\/em><\/a><\/li>\n<\/ul>\n<p>&nbsp;<\/p>\n<p>&nbsp;<\/p>\n","protected":false},"excerpt":{"rendered":"<p>Aqui nesta p\u00e1gina ser\u00e3o postados todos os documentos, formul\u00e1rios e novidades sobre o andamento do processo eleitoral para o tri\u00eanio<span class=\"excerpt-hellip\"> [\u2026]<\/span><\/p>\n","protected":false},"author":6,"featured_media":0,"parent":0,"menu_order":0,"comment_status":"closed","ping_status":"closed","template":"","meta":[],"_links":{"self":[{"href":"https:\/\/fenaprf.org.br\/novo\/wp-json\/wp\/v2\/pages\/64950"}],"collection":[{"href":"https:\/\/fenaprf.org.br\/novo\/wp-json\/wp\/v2\/pages"}],"about":[{"href":"https:\/\/fenaprf.org.br\/novo\/wp-json\/wp\/v2\/types\/page"}],"author":[{"embeddable":true,"href":"https:\/\/fenaprf.org.br\/novo\/wp-json\/wp\/v2\/users\/6"}],"replies":[{"embeddable":true,"href":"https:\/\/fenaprf.org.br\/novo\/wp-json\/wp\/v2\/comments?post=64950"}],"version-history":[{"count":12,"href":"https:\/\/fenaprf.org.br\/novo\/wp-json\/wp\/v2\/pages\/64950\/revisions"}],"predecessor-version":[{"id":65066,"href":"https:\/\/fenaprf.org.br\/novo\/wp-json\/wp\/v2\/pages\/64950\/revisions\/65066"}],"wp:attachment":[{"href":"https:\/\/fenaprf.org.br\/novo\/wp-json\/wp\/v2\/media?parent=64950"}],"curies":[{"name":"wp","href":"https:\/\/api.w.org\/{rel}","templated":true}]}}